er when t(4) is divided by 21.
17
Let a = 8 - 1. Suppose a*r = 3*r + 128. Calculate the remainder when r is divided by 7.
4
Let n(w) = 18*w + 141. What is the remainder when 160 is divided by n(-6)?
28
Suppose 1 - 7 = 3*s. Let n = 7 - s. Calculate the remainder when 25 is divided by n.
7
Let r = -1906 - -1952. What is the remainder when 137 is divided by r?
45
Suppose -36*k = -40*k + 72. Calculate the remainder when 117 is divided by k.
9
Calculate the remainder when 161 is divided by ((-136)/(-12))/((-6)/(-18)).
25
Let k = -2 + 6. What is the remainder when (2/k)/((-2)/(-152)) is divided by 5?
3
Let h = 139 + -81. Suppose 5*n - 114 = -4*o, -10 + 8 = n. Calculate the remainder when h is divided by o.
27
Let o be -1 + -1 + -10 + 23. Suppose -b - o = -3. Calculate the remainder when 39 is divided by (-170)/(-8) - (-2)/b.
18
Suppose 132 = -102*o + 135*o. What is the remainder when 34 is divided by o?
2
What is the remainder when (0 - -5) + -46*60/(-8) is divided by 18?
8
Suppose 0 = -6*c + 4*c, 4*k = -3*c + 1444. Calculate the remainder when k is divided by 61.
56
Let p(h) = -h**2 - 3*h + 1. Let c be p(-2). Let b(z) = 10*z**c - z + 1 - 1. Calculate the remainder when 15 is divided by b(1).
6
Let x(a) = -2*a**2 + 11*a - 6. Let k be x(-7). Let u = 267 + k. What is the remainder when u is divided by 22?
20
Let u(p) = 8*p - 7. Let w(q) = -23*q + 21. Let k(m) = 11*u(m) + 4*w(m). What is the remainder when k(-4) is divided by 5?
3
Suppose 4*c + n - 25 = -2*n, 0 = -3*c - 5*n + 27. Let z = c + 0. What is the remainder when z is divided by 16/7 - (-20)/(-70)?
0
Let t be (0 + (-1)/(-1))*175. Let n = -120 + t. Suppose 0 = -6*i + 119 - 5. Calculate the remainder when n is divided by i.
17
Let s = -1056 + 1122. Suppose -68 = -3*i - i. What is the remainder when s is divided by i?
15
Suppose -72*u - k + 26 = -67*u, 4*u + 4*k - 8 = 0. Calculate the remainder when 23 + (4 - (2 - 0)) is divided by u.
1
Let b be (-2490)/(-16) - (-6)/16. Let q = b + -54. What is the remainder when q is divided by 13?
11
Suppose -7*d = -2*d. Calculate the remainder when 3/(-9)*(d + -54) is divided by 5.
3
Let m(y) be the third derivative of y**6/60 + y**5/30 - y**4/8 + y**3/6 - 8*y**2. Calculate the remainder when 8 is divided by m(1).
0
Let n = -564 - -580. Calculate the remainder when 366 is divided by n.
14
Suppose 0 = -2*o - 8, -o = -5*p + o + 3. Let t(w) = 3*w**2 - 2*w - 2. Calculate the remainder when t(p) is divided by 1.
0
Suppose 5*b - 11 = -t, -9 = -t + b + 2. Suppose 4*n - 3*c + 51 - 262 = 0, -2*n + 3*c = -107. What is the remainder when n is divided by t?
8
Let c(o) = -o**2 - 17*o + 244. Suppose -2*a - 2*g + 12 = 0, 3*a + 2*a + g - 50 = 0. Calculate the remainder when c(-24) is divided by a.
10
Let y = -360 + 433. What is the remainder when y is divided by 29?
15
Let h(p) = 7*p + 55. Let w(n) = n**3 + 10*n**2 - n - 5. What is the remainder when h(-6) is divided by w(-10)?
3
Let q = 2 + 2. Calculate the remainder when 123/82 + 362/q + -1 is divided by 23.
22
Let s = -25 + 26. Suppose -5*a = 5*n - 20, -2*n = a - 3 - s. Calculate the remainder when -10*((-48)/10)/3 is divided by a.
0
Suppose -5*g = 3*u + 115, -3*g - 3*u - 57 = 12. Suppose -2*b - 2*b - 4 = 0, -b = q + 9. What is the remainder when 39 is divided by (g + -5)*4/q?
11
Let s(c) = c + 15. Let u be s(-9). Let v(j) = 3*j + 4. What is the remainder when 85 is divided by v(u)?
19
Suppose -12*u + 6*u + 216 = 0. Let g = u - 18. Calculate the remainder when g is divided by ((-10)/(-8))/(2/16).
8
Let l(a) = a**3 - 11*a**2 - 30*a + 23. What is the remainder when l(14) is divided by 49?
44
Let q be (-9)/45 - (-38)/(-10). Let j be (2 + 81)/(2/6). Calculate the remainder when j/4 + 1/q is divided by 16.
14
Let k = -219 + 471. Suppose 12 = 3*i - 2*n, -3*n = 2*i - 12 - 9. Suppose -i*r + 2*r + k = 0. What is the remainder when r is divided by 16?
15
Let r(y) = y**2 - 13*y - 13. Let v be r(10). Let g = 129 + v. Calculate the remainder when g is divided by 23.
17
Let c = 50 + -45. Suppose 0*a + 2*a = 4*y + 96, c*a - 4*y = 234. Calculate the remainder when a is divided by 16.
14
Let o(k) = -k + 10. Let m = -103 + 171. Let x = -65 + m. What is the remainder when x is divided by o(7)?
0
Let t(j) = -2*j + 25. Let h be t(16). Let a = 0 + 2. What is the remainder when h/((-2)/28*a) is divided by 17?
15
Suppose 0 = x + 4*x. Suppose x = -6*p + 71 + 7. What is the remainder when p is divided by 8?
5
Let u = 339 + -232. Calculate the remainder when u is divided by 24.
11
Let d(b) = 13*b**2 - b - 1. Let u be d(-2). Let c = 21 - 11. Suppose -n = -3, n + c = -2*m + u. What is the remainder when 78 is divided by m?
18
Suppose -2*c - 2*l - 2*l + 50 = 0, 3 = -3*l. Suppose 5 = 2*v - c. What is the remainder when 30 is divided by v?
14
Suppose 4*p + 7 = -x + 10, 0 = -2*x + 2*p + 6. Calculate the remainder when 26 is divided by x.
2
Let a = 3 + -7. Let g(s) = -2*s**3 - 28*s**2 + s + 12. Let j be g(-14). Calculate the remainder when 51 is divided by (-1)/(j/a) + 15.
12
Let s(v) = -9*v - 79. Calculate the remainder when 13 is divided by s(-9).
1
Let m(x) = 2*x**3 - 5*x**2 + x + 3. Suppose 2*i = 2*d - 182, 15*d - i + 85 = 16*d. Calculate the remainder when d is divided by m(3).
13
Let g = 410 + -163. Suppose -11*o + 6 + g = 0. What is the remainder when o is divided by 12?
11
Suppose 0 = -3*b + 4*f + 9, -3*b + b + 6 = -3*f. Suppose t - 5*w - 82 - 45 = 0, -5*w + 281 = b*t. Calculate the remainder when t is divided by 21.
18
Let q(k) = 2*k**2 - 14*k + 11. Let g be q(10). Let d = -49 + g. Calculate the remainder when 109 is divided by d.
21
Let t(m) = -8*m**2 - 56*m - 12. Calculate the remainder when t(-6) is divided by 10.
6
Suppose -k = -6 + 5, 2*d = -5*k + 1691. What is the remainder when d is divided by 47?
44
Let q be 1 + (8 - (8 + -4)). Suppose 4*v - 3*j - 110 = 0, -q*v + 87 + 52 = -3*j. Calculate the remainder when 115 is divided by v.
28
Suppose -40 = -5*l + 5*f, 5*l - f - 39 = -7. What is the remainder when 165 is divided by l/((-24)/28 + 1)?
39
Let u(i) = -i**2 + 26*i - 155. What is the remainder when u(12) is divided by 6?
1
Suppose w = -q + 7, w + 3*q - 4 = -q. Suppose 4*d = w*d - 12. Calculate the remainder when 72/(d - 0) + 1 is divided by 7.
4
Let g = -8 + -1. Let v(c) = c**3 + 12*c**2 + 6*c + 13. Let h be v(g). Let k = -129 + h. What is the remainder when k is divided by 19?
16
Let k = -46 + 72. Suppose 2*j = -4*d + 8, 11 = 2*j + d - 12. Calculate the remainder when k is divided by j.
12
Let l(v) be the third derivative of v**5/15 + v**4/12 - 5*v**3/3 + 23*v**2. What is the remainder when 92 is divided by l(-3)?
12
Let u = 299 - 173. Suppose 0 = 3*p - 1 - 95. Calculate the remainder when u is divided by p.
30
Let l = -440 - -465. Calculate the remainder when l is divided by 18.
7
Suppose 0*c + 3*c - 193 = 2*j, 4*j = 2*c - 390. Let y = j + 119. Suppose -29 = -2*d + f, 5*d + 4*f - 40 = -0*f. What is the remainder when y is divided by d?
9
Let k = 241 - 232. Calculate the remainder when 88 is divided by k.
7
What is the remainder when 260 is divided by 1629*19/342 - 2/4?
80
Let w be (-30)/(-4) - (-8)/(-16). Suppose 0*c - c = -w. Suppose 3*j - 11 - c = 0. Calculate the remainder when 15 is divided by j.
3
Suppose -2*r - 3*r + 140 = 5*b, -59 = -3*r + 2*b. Let y = 128 + -83. What is the remainder when y is divided by r?
22
Let y(k) = k**2 + k + 2. Let o be y(-2). Suppose -v - 23 = 5*t, 3*t + 79 = -o*v - 98. What is the remainder when 14 is divided by 8/v - (-49)/6?
6
Let d be (-3)/(-15) - (-116)/20. Suppose -d*z - 17 = -47. What is the remainder when 13 is divided by z?
3
Suppose 42 - 47 = -t. Suppose -6*c + t*c = -49. What is the remainder when 146 is divided by c?
48
Let l be -20*(1/(-4) - 0). Suppose 4*f - 9 = -l. Let c = f - -19. What is the remainder when 77 is divided by c?
17
Let k(o) = o**3 + 2*o**2 + 2. Let v = 8 - 10. Let y be k(v). Suppose -y*l + 11 = -7. What is the remainder when 33 is divided by l?
6
Let i(h) = -17*h + 346. Calculate the remainder when i(-19) is divided by 42.
39
What is the remainder when 199 is divided by -11 - -10 - (-2)/((-6)/(-63))?
19
Suppose 261 - 885 = -4*l. Suppose -4*u + l = -4*y, 5*u - u - 3*y - 161 = 0. Suppose -2*j + 4*j - 30 = 0. Calculate the remainder when u is divided by j.
14
Let t(a) = a**3 